t(2).
2, 3, 37
Suppose 2*g - 25 = -3*g. Let c(x) = 8*x**2 - x - 10. Let y be c(g). Suppose -3*v - v - 2*a = -146, -y = -5*v - 5*a. What are the prime factors of v?
2, 3
Let i(f) = 2*f**3 + 4*f**2 - 5*f + 1. Let s be i(4). Suppose k - s = 7*t - 3*t, 0 = 3*k - 3*t - 483. List the prime factors of k.
157
Suppose -2 = -2*l, -u = -2*u + 4*l + 1005. List the prime factors of u.
1009
Suppose -11*n - 828 = -13*n. Suppose -157 - n = -4*v - z, -1 = z. List the prime factors of v.
11, 13
Let r(w) = -w**2 + 14*w - 9. Let u be -2*(0 - 3) + 0. List the prime factors of r(u).
3, 13
Let l = 2299 + -903. List the prime factors of l.
2, 349
Let c = -25 - -25. Suppose 0 = -4*m - 5*n + 327, m + c*m + 2*n = 81. List the prime factors of m.
83
Suppose 577 - 2971 = -3*y - 2*k, 4*y + 2*k - 3194 = 0. What are the prime factors of y?
2, 5
Suppose 0 = 2*g - 18 + 8. Suppose d - 12 = -4*y, -2*d + 4 = -4*y + d. Suppose -o + 27 = y*c - 3, 0 = g*o - 4*c - 80. List the prime factors of o.
2, 5
Let x = -79 + 86. Suppose x*a - 4*a - 342 = 0. What are the prime factors of a?
2, 3, 19
Let c = -4529 - -6611. What are the prime factors of c?
2, 3, 347
Suppose 0 = -2*x + 4*w + 4326 - 1322, 0 = 5*x + w - 7521. List the prime factors of x.
2, 47
Let n = -231 - -126. List the prime factors of (250/8)/(n/(-20) - 5).
5
Let v be (-4 - -2)*6/((-36)/39). Suppose 3*w + v = 289. List the prime factors of w.
2, 23
What are the prime factors of ((-6)/7)/(57/(-1064))?
2
Suppose -7872 = -14*f + 6*f. What are the prime factors of f?
2, 3, 41
Let s = 17 + -119. Let w be s/(-27) - (-10)/45. Suppose -w*x + 94 = 2*c, -6*c + c - 25 = 0. What are the prime factors of x?
2, 13
Let p be 2 + 7/((-7)/6). What are the prime factors of (208/2)/(p/(-2))?
2, 13
Suppose -25*z - 5452 = -21227. List the prime factors of z.
631
Suppose -2*f - 3*z + 0*z = -7, 3 = f + 2*z. Suppose -3*l + 2*i - f*i = -576, 0 = -l + 5*i + 162. List the prime factors of l.
11, 17
Suppose -f - 108 = -4*x - 915, -3*x + 4127 = 5*f. What are the prime factors of f?
823
Suppose -d + 512 = -23. List the prime factors of d.
5, 107
Suppose 3*r = -5*q + 2069, -446 = -r - 5*q + 247. List the prime factors of r.
2, 43
Let w = 16 + -12. Suppose -w*d = -7 - 5. What are the prime factors of 30 + (d - 3 - 2)?
2, 7
Let d = -4 - -7. Suppose s = -d*s + 64. What are the prime factors of -2 + s + (1 - 3)?
2, 3
Let a = 38 - -18. What are the prime factors of 2176/a - (-2)/14?
3, 13
Let d be (24/(-20))/(4/(-30)). Let v be (109 - 1) + (6 - 9). Suppose 4*c = v - d. List the prime factors of c.
2, 3
Suppose -2*b = 3*r - 42, -5*b = -0*r + r - 14. Let q be (-2)/(-6) + (-2)/6. Suppose q*a - a + r = 0. What are the prime factors of a?
2, 7
Suppose 2587 = 6*r - 3605. List the prime factors of r.
2, 3, 43
Suppose 0 = 4*y - 3*y - 1. Let z(u) = -4*u - y - 4 - 3 - 2 - u**3 - 3*u**2. List the prime factors of z(-4).
2, 11
Let i(z) = 141*z**2 + 5*z + 15. What are the prime factors of i(-2)?
569
Let v(k) = 2*k**2 + 50*k - 13. List the prime factors of v(-29).
3, 73
Let h(v) be the third derivative of v**4/12 - 7*v**3/6 - v**2. Suppose -10 = -5*f + 3*f. List the prime factors of h(f).
3
Let l be (-1)/2 + 24/(-16). Let d be 1/(l/(-10)) + 1. Suppose 4 = d*z - 116. List the prime factors of z.
2, 5
Let t = 209 - -1777. List the prime factors of t.
2, 3, 331
Let v(j) be the second derivative of -j**4/12 + 5*j**3/6 + 3*j**2/2 - 3*j. Let s be v(6). Let y(q) = q**3 + 3*q**2 - q + 4. List the prime factors of y(s).
7
Let n = 24 + 603. List the prime factors of n.
3, 11, 19
Let b = -63 - -217. Suppose -4*p + 50 = -b. List the prime factors of p.
3, 17
Let w = 9 + -7. Let k = w + 8. Suppose 0 = -2*i, -2*s + k + 4 = -5*i. List the prime factors of s.
7
Suppose -4*t + 7392 = 4*r, 10*t - 2*r = 7*t + 5549. List the prime factors of t.
43
Let u = 2358 + -1618. List the prime factors of u.
2, 5, 37
Suppose -2*h + 3*v + 678 = 0, 5*h + 3*v - v = 1714. What are the prime factors of h?
2, 3, 19
Suppose 16 + 334 = 5*g. Let t be -2*((-2)/(-10) - 640/(-50)). Let h = g + t. List the prime factors of h.
2, 11
Let i = 61 + -59. Suppose 0 = -5*u + i*u + 186. What are the prime factors of u?
2, 31
Let v(y) = 2*y - 6. Let k be v(6). Suppose 0 = -4*d - 4*f, 2*d = d + f - k. List the prime factors of 3 + d + -2 + 53.
3, 17
Let g be (-2 + (-18)/15)/((-8)/60). What are the prime factors of ((-5)/(-4))/5 - (-1866)/g?
2, 3, 13
Suppose -32*q - 8952 = -34*q. What are the prime factors of q?
2, 3, 373
Let t(m) be the second derivative of -5*m**3/2 - 11*m**2/2 + 5*m. List the prime factors of t(-5).
2
Let q = 7 - 5. Suppose 7*y = q*y + 115. What are the prime factors of y?
23
Suppose 0 = -r + 4*z - 7, 0*r - 2*r - 4*z = 2. List the prime factors of r/(-2)*210/9.
5, 7
Let w be 4/6 + -1 + (-1)/(-3). Suppose o + 4*o - 905 = w. List the prime factors of o.
181
Suppose 2*r + r = -5*o + 1078, 2*r - 720 = -4*o. Suppose -3*b = -x - r, -2*b + 86 = -x - 153. List the prime factors of b.
3, 13
Let g = -170 + 174. Let r be (-3)/6 - 106/(-4). Suppose -g*v = -5*z - 93 - 17, 0 = v - 2*z - r. List the prime factors of v.
2, 3, 5
Let a(l) = -4*l + 4 + 10*l + 7 + 0. What are the prime factors of a(5)?
41
Let k = 7 + -6. What are the prime factors of (-1 - 295/(-5)) + k?
59
Let n(b) = 7*b**2 - 2*b + 3. Let u be n(-4). What are the prime factors of (u/15 - 1)*110/4?
2, 3, 11
Suppose 17*f + 5*m + 1016 = 18*f, -5*f + 4940 = 3*m. List the prime factors of f.
991
Let a = 752 - 89. List the prime factors of a.
3, 13, 17
Suppose 12*r - 8*r = 7*r. Suppose -u - 252 = -3*f, r = 4*f + f + 3*u - 420. List the prime factors of f.
2, 3, 7
Let d(g) = 4*g**2 - 26*g + 20. What are the prime factors of d(8)?
2, 17
Suppose 7*b - 64 = 209. Suppose -4*q - 3 = -b. List the prime factors of q.
3
Suppose 3*n = 4*h - 0*h + 12, -6 = -2*h. Suppose -5*j + 4*p = n, j + 4*p - 8 = -2*j. Suppose -s + 15 + 1 = j. What are the prime factors of s?
2
Suppose 3*f = -y + 1026, 4*y = -0*f - 5*f + 4090. What are the prime factors of y?
2, 3, 5, 17
Let u(q) be the second derivative of q**5/20 + 5*q**4/6 + 2*q**3/3 + 13*q**2 - 4*q. What are the prime factors of u(-9)?
71
Let u(s) = -s**3 + 3*s**2 + s - 4. Let b be u(4). Let l(k) = -k**2 - 27*k - 33. List the prime factors of l(b).
11, 13
Let r(g) be the third derivative of -g**4/3 - 5*g**3 + 25*g**2. What are the prime factors of r(-26)?
2, 89
Let w = -18 + 22. Suppose w*r - 3 = 13. Suppose 2*f + 30 = r*d, 0 = -5*d + 7*f - 2*f + 40. What are the prime factors of d?
7
Let i = -48 + 60. Suppose 778 = 5*u + 2*c, -i = -c - 2*c. List the prime factors of u.
2, 7, 11
Let y(r) = 33*r**2 - 6*r - 69. List the prime factors of y(11).
2, 3, 643
Let k = 17 - 16. Let j(a) = 3*a**3 - 13*a**2 + 14*a - 8. Let y(f) = f**3 + 1. Let c(g) = k*j(g) - 2*y(g). List the prime factors of c(12).
2, 7
Let r(l) = -l**3 + 32*l**2 - 77*l + 33. What are the prime factors of r(29)?
17, 19
Suppose 6*y - 4*y = 60. Suppose 3*s - 36 = -g + y, -g + 62 = 4*s. List the prime factors of g.
2, 3, 13
Let q(x) = x**2 - 7*x + 6. Let w be q(6). Suppose u = 3*h - 2, u + 2*h = -w*h + 23. Let y = u - -4. What are the prime factors of y?
17
Suppose -2*q + 4*w = -368, -3*q = -q - w - 362. What are the prime factors of q?
2, 3, 5
Let j(t) = 23*t + 29. What are the prime factors of j(6)?
167
Let j(g) = g**3 + 5*g**2 - 2*g - 12. Let z be j(-5). Let c be (z - 16) + (5 - 2). Let w = c - -30. What are the prime factors of w?
3, 5
Suppose 105 = -5*v - 5. Let q be 6/5*(-55)/v. Let k(c) = 14*c - 1. List the prime factors of k(q).
41
Let j = 28 - 23. Suppose -4*n - 380 = -j*b, 3*b - 5*n - 176 = 39. List the prime factors of b.
2, 5
Let c = 8122 + -13457. What are the prime factors of c/(-22) - (-2)/(-4)?
2, 11
Suppose 22 = -3*r + 37. Suppose 588 = r*z - z. List the prime factors of z.
3, 7
Let y(i) = -3*i**3 - 7*i**2 - 7*i - 6. Let c(j) = -2*j**2 + 14*j - 4. Let a be c(7). List the prime factors of y(a).
2, 3, 17
Let b = -34 - -26. Let p be -2 - (b - (0 - 3)). Suppose 26 = -p*v + 74. List the prime factors of v.
2
Suppose 0 = -0*x + 2*x - 2*c + 88, -116 = 3*x + c. Suppose 0*o + 2*o = 4. List the prime factors of (15/(-12))/(o/x).
5
Let u(y) = 49*y**2 + 11*y - 35. What are the prime factors of u(4)?
13, 61
Suppose -2*u - 58 = 2*t - 18, -4*t + 2*u - 62 = 0. Let q = t + 147. List